ts digit of z?
8
Let w(x) = 7*x**3 - 2*x**2 + 3*x - 1. Let j be w(2). Let q = -31 + j. What is the tens digit of q?
2
Let s(m) = 2*m**2 - 5*m - 5. Let i be s(6). Let q = i + -15. What is the tens digit of q?
2
Let k be (-43)/(-9) - 2/(-9). Suppose 4*q = k*d + 5, q + d = 2*q - 2. Suppose q*p = 4*p + 7. What is the units digit of p?
7
Suppose -339 - 528 = -17*t. What is the units digit of t?
1
Let q(y) = -y**3 - 10*y**2 - 10*y + 11. What is the tens digit of q(-9)?
2
Let o = 77 + 0. What is the units digit of o?
7
Let n = -122 + 185. What is the units digit of n?
3
Let i = 13 - 8. Let p be (-2)/5 + (-34)/(-10). Suppose 0 = y - s - 2, p = 4*y - i*s - 3. What is the units digit of y?
4
Let d(l) be the third derivative of l**5/60 + 7*l**4/24 + 7*l**3/6 - 3*l**2. Let z be d(-6). What is the units digit of (3*z)/((-1)/(-3))?
9
Let y(g) = -7*g**2 + 4. Let p(k) = k**2 - k. Let f(r) = -6*p(r) - y(r). What is the units digit of f(-8)?
2
Suppose -4*i - 5 + 41 = 0. What is the units digit of i?
9
Suppose -f + 1 = -0. Let g(q) = -4 + 9*q + f - 5*q. What is the units digit of g(2)?
5
Let f(w) = -2*w + 6*w**2 + 10*w - 3 - 1 - 7*w**2. Let g = -5 + 8. What is the units digit of f(g)?
1
Suppose 5*b + 0 - 10 = 0. Suppose -2*i = b*i - 68. What is the units digit of i?
7
Suppose 5*b = -u - 59, u - 5*b = -3*u - 111. Let r = 49 + u. What is the units digit of r?
5
Let k = 29 + -13. What is the units digit of k?
6
Let j be (-2 + 4)*6/4. Suppose 3*p - 33 = -3*a, -j*a + 3*p + 4 + 5 = 0. What is the units digit of a?
7
Let m(d) be the third derivative of 1/120*d**6 - 1/12*d**5 + 0*d - 1/8*d**4 - 1/2*d**3 + 0 + 2*d**2. What is the tens digit of m(6)?
1
What is the units digit of 2 - (27/3)/(-3)?
5
Suppose -3*k + 9 = 0, -n = 4*n - 3*k - 211. What is the tens digit of (-69)/(-4) - 11/n?
1
Let o = -1 + 13. Let h = o + -1. What is the tens digit of h?
1
Suppose -3*i = -c - 2*i + 45, 3*c - 4*i - 138 = 0. What is the tens digit of c?
4
Let u be (1 - -2)/(3 + 0). What is the units digit of (4 + u + -4)*5?
5
Let t(u) be the second derivative of u**4/12 - 7*u**3/6 + 5*u**2 - u. Suppose 3*s - 16 - 5 = 0. What is the tens digit of t(s)?
1
Suppose 3*a = 5*a + 5*q - 22, 4*q = -4*a + 56. Suppose -4*t = -92 + a. What is the tens digit of t?
1
Let p(v) = v. Let z(a) = -3*a - 8. Let q(i) = 5*p(i) + z(i). Let r = 8 + -2. What is the units digit of q(r)?
4
Suppose 0*f = -5*f + 25. What is the units digit of f*2/2 - 0?
5
Let s = -2 + 0. What is the units digit of (-15)/s + 6/4?
9
Suppose p = 2*p. Suppose 34 = j - p*j. What is the tens digit of j?
3
Suppose 0*p = 2*p - 3*q - 12, 2*q = -5*p - 8. Suppose 6*k - 9 = 4*k - 5*y, 2*k - 4*y = p. What is the units digit of k?
2
Let v(a) = a**2 - a - 4. Let l be v(4). Let k(f) = f**2 + 7*f + 12. Let g be k(-5). Suppose g - l = -2*t. What is the units digit of t?
3
Suppose -3*y + 166 + 65 = 0. What is the tens digit of y?
7
Suppose -4 = -4*q + 4. Suppose q*v + v - 49 = 2*h, -5*v + 80 = -3*h. What is the units digit of v?
3
Suppose 3*p - 2*p - 13 = 0. Let q(t) = t + 4. Let h be q(-2). Suppose -h*j + 26 = 4*c, -j - 2*c + p = -4*c. What is the units digit of j?
3
Let g(w) = -2*w**2 + 3*w - 1. Let a be g(2). What is the units digit of -7*a*(-2)/(-21)?
2
What is the hundreds digit of 6/4 - 786/(-4)?
1
What is the tens digit of -2 + (-3 - 380/(-5))?
7
Let k(s) = -s**3 - 9*s**2 - 2*s - 13. Let q be k(-9). Let h(r) = r**2 - 6*r + 6. Let w be h(q). What is the units digit of 1/w + 1 - -3?
5
Suppose 0 = 4*p + 4 + 4. What is the units digit of (2/1 - -7) + p?
7
Let l = -23 - -36. What is the units digit of (10 + -8)*(0 + l)?
6
Let q(p) = p**2 - p + 1. What is the units digit of q(10)?
1
Let x(y) = 2*y**2 - y - 27. What is the units digit of x(-5)?
8
Suppose -5*h - j = -243, h - 141 = -2*h + j. Let q be (-88)/(-6) - (-3)/9. Suppose -g + 6*g = c + h, 2*g + c - q = 0. What is the units digit of g?
9
Let z(i) = 2*i**2 + 6*i + 6. Let t be z(-4). Let d be (0 + 1)/1*-9. Let n = d + t. What is the units digit of n?
5
Suppose -2*d + 16 = 2*d. Suppose -d = j - 3*u - u, 5*j - u - 37 = 0. What is the units digit of j?
8
Let r = 3 - 16. Let b = 23 + r. What is the tens digit of b?
1
Let n = -21 - -28. What is the units digit of -1*n*30/(-7)?
0
Suppose -2*k + 8 = -0*k. What is the units digit of (k/(-16))/(2/(-8))?
1
Let z be 3 - -11 - (2 + 0). Let o = z + 5. What is the tens digit of o?
1
What is the units digit of 2/(-4)*(-227 + 1)?
3
Suppose -b + 76 = y, 5*b - 174 = -y + 206. What is the units digit of b?
6
Let f(u) = -17*u + 10. What is the units digit of f(-11)?
7
Suppose -2*x = 3*x. Suppose -w - 3*w + 48 = x. What is the tens digit of w?
1
Let k be 4/(-6)*45/(-6). Let u = -5 + k. Suppose 24 = 2*v + 2*d, 0 = 5*v - u*v - d - 90. What is the units digit of v?
7
Suppose 4*o - 6 = o. What is the units digit of o?
2
Let g(v) = -v**3 + 4*v**2 - 5*v - 8. What is the units digit of g(-4)?
0
Suppose 2*l + 5*r - 73 = 0, -2*l + 5*r + 16 = -27. What is the units digit of l?
9
Let o = -11 - -11. What is the units digit of (o - 5)*(-7)/35?
1
Suppose 0 = 4*p + 8, -p = -3*f + 2*f + 83. What is the units digit of f?
1
Suppose 2*n = -5*s + 14, 5*s = 3*n + 2*n. Suppose 4*o + s*l = 28, -5*o + 57 = -3*l - 0*l. What is the units digit of o?
9
Suppose -3*m - 12 = -0*n + n, 13 = n - 2*m. Suppose -n*s + 2 = -s. What is the units digit of s?
1
Let c = -26 + 36. Let m = -4 + c. What is the units digit of m?
6
Suppose 4*q - 16 - 47 = s, -3*q + 4*s + 44 = 0. Suppose 5*i + 5*t = -10, -7*i = -3*i - 4*t - q. What is the units digit of i?
1
Suppose -w = w - 18. Suppose -6 = w*r - 12*r. What is the units digit of r?
2
Suppose 0 = 3*i - 36 - 93. What is the tens digit of i?
4
Let l(k) = k**3 + 8*k**2 - 9*k + 11. Let d be l(-9). What is the tens digit of 8/4 + 2 + d?
1
Let v be (-6)/(-3) - -3*5. Let a be v + 2 + 2/(-1). Suppose 2*z - 3*p - a = 0, -2*p = z + 2*p + 8. What is the units digit of z?
4
Let t(q) = -q**2 - 9*q - 5. Let k be t(-4). Let r = 14 + k. Suppose 5*s = r - 4. What is the units digit of s?
5
Suppose 0 = 2*k + 6, -6*p + 5 = -4*p + k. Suppose f - p*f - 9 = 0. What is the units digit of (-2)/f + 28/3?
0
Suppose 3*n + 50 = -5*y, 0*y + 3*y = 6. Let l = -11 - n. What is the units digit of l?
9
Suppose 5*v - v = 660. What is the units digit of v?
5
Suppose k = -5*q + 7, -5*q + 2*q = -k + 7. Suppose 5*w - 27 = -k. What is the units digit of w?
4
Suppose -10 = -i - 4*i. Let o be i - 8/2 - 1. Let s = o + 5. What is the units digit of s?
2
Let m be 6/14 + (-353)/7. Let n = m + 74. What is the units digit of n?
4
Let f = -2 + 3. What is the units digit of f + 8/3*3?
9
Suppose 0 = 4*g - 217 - 207. What is the hundreds digit of g?
1
Let r = 12 + -8. Suppose 4 = -4*h - 5*p, h - 3*p = -5*p - r. Let j = 7 - h. What is the units digit of j?
3
Let v be (-6)/27 - 47/(-9). Let w = v - 6. What is the units digit of (w*(2 - 8))/1?
6
What is the units digit of (1 - 13)*(-20)/15?
6
Let i be 2/(3 - 5) - -2. Let y(x) = -4 + i + 0*x - 5*x. What is the tens digit of y(-4)?
1
Let o(k) = k**3 - 9*k**2 - 9*k - 6. Let m be o(10). Suppose 3*c - 34 = m*v, 0*c + 5*v = -c + 24. What is the tens digit of c?
1
Let f be (1 + -23)/(-2) - -3. Let u be 2/9 + f/18. Suppose 0*y - u = -y. What is the units digit of y?
1
Suppose 0 = v + 4*c - 60, 0*v - 4*v = -3*c - 240. Let u = -30 + v. What is the tens digit of u?
3
Suppose -2*h + 3*h = 110. What is the tens digit of h?
1
Let q be 24*(0 + (-20)/(-8)). What is the units digit of 6/((q/(-56))/(-5))?
8
What is the tens digit of 4 - (-14)/(-2) - -63*1?
6
Suppose -5*r + 149 = -4*r. Suppose 0 = -5*y + r - 19. What is the units digit of y?
6
Let y be 10*((-3)/6 - -1). Suppose y*v = -5, 2*l = -2*l - 2*v + 50. What is the tens digit of l?
1
Let g(u) = -u + 10. Let b be (-10)/(-1)*3/5. Let q be g(b). Suppose q*d - d - 3 = 0. What is the units digit of d?
1
Let h(u) = -u**3 - 4*u**2 - 4*u - 7. What is the units digit of h(-4)?
9
Suppose -4*x - x = 2*a - 76, -33 = -3*x + 3*a. What is the tens digit of x?
1
Suppose 3*r - 37 = 2*f, -2*f - f + 87 = 5*r. What is the tens digit of -2 - 5/(r/(-42))?
1
Let n be ((-1)/(-2))/(3/(-6)). What is the units digit of n - (-3 - (3 + 13))?
8
Suppose 4*y - 273 - 183 = -4*q, 0 = q + 5*y - 122. What is the tens digit of q?
1
Suppose -4*a - 5*i + 53 = -0*i, -2*a +